hat are the prime factors of s(0)?
13
Suppose 78 = 3*d + 4*t, 0*d - 153 = -5*d + t. List the prime factors of ((-1)/(-2))/(3/d).
5
Let w(i) = -6*i. Let t be w(1). Let y(b) = b**3 + 6*b**2 + 6. List the prime factors of y(t).
2, 3
Suppose 0 = 2*x + 2*f, 0*f = 2*x - 3*f - 15. Let c = x - -5. List the prime factors of c.
2
Let x(w) = w**2 + w - 4. Let t = -12 + 7. What are the prime factors of x(t)?
2
Let a(g) = -121*g. Let c be a(-1). What are the prime factors of (-12)/(-18) - c/(-3)?
41
Let t(o) = -o**2 + 3*o**2 - o**2 + 6 - 8*o. Suppose -2*x + 4 = -12. List the prime factors of t(x).
2, 3
Suppose 228 = 5*f - 2*y, -y + 45 = 2*f - 48. Suppose 3*s - f = j, 5*j = s - 1 + 9. What are the prime factors of s?
17
Suppose 2*h - 3*h + 3 = 0. Suppose -6 - 36 = -h*j. What are the prime factors of j?
2, 7
Let l(a) = -3*a - 1. Let s = -12 - -5. What are the prime factors of l(s)?
2, 5
Let g = -18 - -50. List the prime factors of g.
2
Let d be (-4)/5 + (-28)/(-35). Suppose d*c + 99 = 3*k - 3*c, 0 = 5*k - 2*c - 168. List the prime factors of k.
2, 17
Let j be 44/10 + 6/(-15). Let v be j/(-4) - 1*8. What are the prime factors of 20/6 - 6/v?
2
Let u(j) = -5*j**2 - 2 - j**3 + 2*j**2 - 5*j + 2*j. Let n be u(-2). Suppose o + 2 - 4 = n. List the prime factors of o.
2
Let g(u) = 13*u - 8. Let d(k) = -27*k + 17. Let s(c) = -3*d(c) - 5*g(c). What are the prime factors of s(4)?
53
Let a = 19 - 10. What are the prime factors of a?
3
Suppose -4*z + 4*w = -4 - 20, 3*w + 24 = 5*z. What are the prime factors of 2/z - 26/(-6)?
5
Let j = 34 + -26. What are the prime factors of j?
2
What are the prime factors of (-1245)/(-10) + 1/(-2)?
2, 31
Suppose 46 + 209 = 5*y. List the prime factors of y.
3, 17
Suppose -5*p - 3*s + 38 - 183 = 0, -p - 29 = -5*s. Let c = p - -17. Let d = c - -22. What are the prime factors of d?
2, 5
Let b = 237 + -147. What are the prime factors of b?
2, 3, 5
Suppose 34*g - 35*g + 377 = 0. What are the prime factors of g?
13, 29
Let f(s) = 2*s + 4. Let c(k) = 3*k + 9. Let q(h) = 3*c(h) - 5*f(h). Let a be q(12). Let r = a - -10. What are the prime factors of r?
5
Suppose -2*y - 3*q = -q - 134, 3*y - 4*q - 166 = 0. List the prime factors of y.
2, 31
Suppose 5*q = -2 + 22. Suppose 0*y = q*y - 104. List the prime factors of y.
2, 13
Let y = -39 - -62. List the prime factors of y.
23
Suppose 7*y = 454 + 281. What are the prime factors of y?
3, 5, 7
Let l be (2 - -5) + (-3 - -1). Suppose -l*o - 6 + 76 = 0. Suppose -o = -c - c. What are the prime factors of c?
7
Let k be (-11)/(-11)*1*3. What are the prime factors of (k/3)/(1/19)?
19
Suppose -3*q + 27 - 6 = 4*o, 0 = -q - 4*o + 15. List the prime factors of q.
3
Let i(u) = -6*u**2 + 5*u**2 - 5 + 16*u - 6*u. List the prime factors of i(6).
19
Let o = -34 - -68. What are the prime factors of o?
2, 17
Suppose 0 = -4*u + 2*u + 10, 2*u = 5*f - 25. Suppose -3*j + 4*o = -f*j + 60, 24 = 2*j - 4*o. List the prime factors of j.
2, 7
Suppose -210 = -o - 60. What are the prime factors of o?
2, 3, 5
Let p = -10 - -27. List the prime factors of (p/(-17))/(2/(-54)).
3
Let w be 2*-2 - (-3)/1. Let j = 30 + w. List the prime factors of j.
29
Suppose 4*q + q = -10. List the prime factors of (0 - (-2)/q)*-3.
3
Let j(s) = -s**3 + 7*s**2 - 9*s - 3. List the prime factors of j(4).
3
Let v(x) = -x**3 - x**2 - x - 1. Let n = -6 - -4. List the prime factors of v(n).
5
Let u be 6/(9/(-6) - -3). Suppose 4*b = 5*y + 36, 7 + 1 = -2*b - u*y. What are the prime factors of b?
2
Let d be (-1080)/(-42) + (-2)/(-7). Suppose 0 = g - d - 7. List the prime factors of g.
3, 11
Suppose f + 2*d - 70 - 177 = 0, 3*d + 487 = 2*f. List the prime factors of f.
5, 7
Let s = 165 + -111. What are the prime factors of s?
2, 3
Let z(h) = h. Let f(m) = -2*m - 2. Let r(s) = -f(s) - 3*z(s). What are the prime factors of r(-3)?
5
Let j be 9/1 - (3 + -6). Suppose -4*t + 28 = -j. Let y = t + -2. List the prime factors of y.
2
Suppose -23 = -3*d + b + 3*b, -3*d - 4*b = -7. Suppose -10 = -d*o + 4*s, 2*o - 4*s + s = 4. Suppose -3*u + 8 = -o*u. List the prime factors of u.
2
Suppose -3*m - l + 27 = -2*l, l - 43 = -4*m. Suppose t - 3*j = -t + m, 4*j = t - 5. Suppose 5*d + 8 = 5*q - 17, -5*d = 5*q + t. What are the prime factors of q?
2
Suppose 2*o - s - 68 = 3*s, o = -5*s - 1. List the prime factors of o.
2, 3
Let h(p) = p**3 - 9*p**2 + 16*p + 6. List the prime factors of h(7).
2, 5
Let l(z) = -z**2 - 6*z - 5. Let s be l(-5). Let y(t) = 0*t + s*t - t**3 - 3 - 2*t**2. What are the prime factors of y(-3)?
2, 3
Suppose -9*x + 3*x = -924. List the prime factors of x.
2, 7, 11
Let z = 9 + -4. Suppose -z*r + 29 = 2*p, r + 5*p = 8 + 7. Let a = 17 - r. What are the prime factors of a?
2, 3
Let c be (-4)/(-16) - 3/12. Suppose c = -4*j + 2*m + 112, 3*j - 40 - 30 = 5*m. List the prime factors of j.
2, 3, 5
Let l = 101 + -13. Suppose 0 = -2*p - 2*p + l. What are the prime factors of p?
2, 11
Let r be (6/5)/(1/30). Suppose -r = -h - h. Suppose a + a = h. What are the prime factors of a?
3
Let f be 13/((1 + -4)/(-3)). Let k = 4 + f. What are the prime factors of k?
17
Let d be 2/4 - (-10)/4. Suppose -d + 5 = t. Suppose v + 3 = t*v. List the prime factors of v.
3
Suppose 0 = -5*b - 20, 2*l = -b + 5*b + 20. List the prime factors of 2*(-58)/(-8)*l.
29
Let u be (-21)/(-6) - 2/(-4). Suppose -u*t + 16 = -24. List the prime factors of t.
2, 5
Suppose -3*i = i - f - 88, 4*i + f - 96 = 0. What are the prime factors of i?
23
Let f = 23 - 33. List the prime factors of ((-3)/2)/(f/20).
3
Let t(d) = -25*d - 70. Let k(z) = 8*z + 23. Let j(x) = 7*k(x) + 2*t(x). Let o(l) = -4*l - 14. Let b(a) = 5*j(a) + 8*o(a). What are the prime factors of b(-6)?
5
Let u = 126 - 66. List the prime factors of u.
2, 3, 5
Let p be 4/16 + 75/(-12). List the prime factors of ((-12)/(-10))/(p/(-220)).
2, 11
Let p(h) = -7*h + 2. Let y be p(-12). Let t = -60 + y. What are the prime factors of t?
2, 13
Suppose -2*p - 10 = -2. Let j be 1/p - (-1)/4. Suppose j = 5*a - 52 - 8. What are the prime factors of a?
2, 3
Let p be (0 + (-2)/(-4))*-22. Let c(d) = -d**3 - 10*d**2 + 9*d - 9. List the prime factors of c(p).
13
Let b = 9 + -5. Suppose -31 = b*z - 79. List the prime factors of z.
2, 3
Suppose 4*d = -2*p + 26 + 356, 3*d - 259 = 4*p. Let x = -37 + d. What are the prime factors of x?
2, 7
Suppose -2*k - 30 = 3*k. Let q = 4 + k. Let z = 7 + q. What are the prime factors of z?
5
Let b be 9*2/12*10. Suppose 2*c - b = -c. Let m = 10 + c. List the prime factors of m.
3, 5
What are the prime factors of 106 + 1 + 3*(-3 - -2)?
2, 13
Suppose -r + 81 = -n + 2*n, 3*n + 4*r - 248 = 0. Suppose -5*p = k - 3*k + 12, -5*k = -p - n. List the prime factors of k.
2
Let n(m) = 2*m**2 + 4*m + 2. Let d be 1*-1 + 5 + -3. Let y(k) = -3*k**2 - k + 1. Let j be y(d). List the prime factors of n(j).
2
Let n(k) = 3*k - 5. List the prime factors of n(12).
31
Suppose 0 = -6*y - 5 + 23. Let u = y - -3. What are the prime factors of u?
2, 3
Suppose -7*p + 11*p - 160 = 0. What are the prime factors of p?
2, 5
Let j(v) = -2*v - 14. Let r be j(-10). Let p(z) = r + 2*z - z - 2*z - 3. List the prime factors of p(0).
3
Let b = -18 + 19. Let r(t) = -2 + 1 + 2 + 6*t. List the prime factors of r(b).
7
Suppose -5*g = -4*o - 26, -3*g - 5*o + 0*o = 14. List the prime factors of (17 - g)*(-4)/(-5).
2, 3
Let q(w) = -w**2 - w + w + 5 + 2 - 2*w. Let b be q(-5). Let j(u) = -u**3 - 7*u**2 + 8*u + 4. List the prime factors of j(b).
2
Let b(a) = 106*a**3 - 2*a**2 - 2*a + 3. What are the prime factors of b(1)?
3, 5, 7
Let b(s) = s**3 - 6*s**2 + 3*s - 4. Let d = -8 - -14. Let r be b(d). Suppose l + l = r. What are the prime factors of l?
7
Suppose 4*u + 0*j - 2*j = 36, -3*j - 32 = -4*u. Suppose 4*a = -2*c - 0*c - 10, 3*c - a - 13 = 0. Suppose -c*f + u = -1. List the prime factors of f.
2
Let i(u) = u**3 - 5*u**2 - 6*u + 8. Let j be i(6). List the prime factors of ((-10)/8)/((-2)/j).
5
Suppose 4*s = 4*r + 360, -s + r + 2*r + 100 = 0. Suppose -5*i = -t - s, -3*t + 4 = -4*i + 61. What are the prime factors of i?
2, 3
Suppose -3*c = 4*c - 1239. List the prime factors of c.
3, 59
Suppose -49 = 5*i - 619. What are the prime factors of i?
2, 3, 19
Let o(k) = -11*k - 25. List the prime factors of o(-10).
5, 17
Let l be (-4)/(-8)*(0 + 6). Suppose -17 - l = -4*h. Suppose 5*p + 15 = 0, 0 = 